{"id":3366,"date":"2022-11-14T17:49:29","date_gmt":"2022-11-14T17:49:29","guid":{"rendered":"https:\/\/www.iesclaracampoamor.org\/clara\/?page_id=3366"},"modified":"2022-11-14T17:50:28","modified_gmt":"2022-11-14T17:50:28","slug":"elementor-3366","status":"publish","type":"page","link":"https:\/\/www.iesclaracampoamor.org\/clara\/elementor-3366\/","title":{"rendered":"PLAN DE ACTUACI\u00d3N DIGITAL (PAD)"},"content":{"rendered":"\t\t<div data-elementor-type=\"wp-page\" data-elementor-id=\"3366\" class=\"elementor elementor-3366\">\n\t\t\t\t\t\t\t\t\t<section class=\"elementor-section elementor-top-section elementor-element elementor-element-0c6fcc4 elementor-section-boxed elementor-section-height-default elementor-section-height-default\" data-id=\"0c6fcc4\" data-element_type=\"section\">\n\t\t\t\t\t\t<div class=\"elementor-container elementor-column-gap-default\">\n\t\t\t\t\t<div class=\"elementor-column elementor-col-100 elementor-top-column elementor-element elementor-element-c266cc9\" data-id=\"c266cc9\" data-element_type=\"column\">\n\t\t\t<div class=\"elementor-widget-wrap elementor-element-populated\">\n\t\t\t\t\t\t\t\t<div class=\"elementor-element elementor-element-fe71336 elementor-widget elementor-widget-heading\" data-id=\"fe71336\" data-element_type=\"widget\" data-widget_type=\"heading.default\">\n\t\t\t\t<div class=\"elementor-widget-container\">\n\t\t\t<h3 class=\"elementor-heading-title elementor-size-default\">PLAN DE ACTUACI\u00d3N DIGITAL (PAD)<\/h3>\t\t<\/div>\n\t\t\t\t<\/div>\n\t\t\t\t<div class=\"elementor-element elementor-element-8ced687 elementor-widget elementor-widget-text-editor\" data-id=\"8ced687\" data-element_type=\"widget\" data-widget_type=\"text-editor.default\">\n\t\t\t\t<div class=\"elementor-widget-container\">\n\t\t\t\t\t\t\t<p>\u00a0<\/p><p><b>LINEA DE ACTUACI\u00d3N DEL \u00c1MBITO ORGANIZACI\u00d3N DEL CENTRO<\/b><\/p><ul><li>Elaboraci\u00f3n de una gu\u00eda sobre uso responsable de equipos y dispositivos.<\/li><li>Se realizar\u00e1 en formato digital, bien pdf, genially, exeLearning, &#8230;<\/li><li>El coordinador TDE y CompDigEdu, junto con el equipo directivo, y ETCP realizaremos una gu\u00eda sobre el buen uso y buenas conductas de las TIC.<\/li><li>Cuando se termine se colgar\u00e1 en la web del centro y RRSS. Adem\u00e1s se comunicar\u00e1 por Pasen la existencia de esta gu\u00eda.<\/li><\/ul><p><b>LINEA DE ACTUACI\u00d3N DEL \u00c1MBITO INFORMACI\u00d3N Y COMUNICACI\u00d3N<\/b><\/p><ul><li>Digitalizaci\u00f3n de todos los documentos del centro de inter\u00e9s para las familias y\/o usuarios (formularios, permisos, etc.) y permitir su acceso mediante enlaces en la p\u00e1gina web del centro respetando la protecci\u00f3n de datos.<\/li><li>El coordinador TDE y DigCompEdu, junto con el equipo directivo, se encargar\u00e1n de digitalizar estos documentos, en PDF descargable y autorrellenable.<\/li><li>El equipo directivo comunicar\u00e1 mediante Pasen a todas las familias la implementaci\u00f3n de estos documentos, y la posibilidad de desc\u00e1rga los desde nuestra web.<\/li><\/ul><div class=\"row fila-SNC\"><div class=\"celda-SNC col-lg-12 celda_PPE_0\"><div class=\"form-group\"><b>LINEA DE ACTUACI\u00d3N DEL \u00c1MBITO PROCESO DE ENSE\u00d1ANZA\/APRENDIZAJE<\/b><\/div><\/div><\/div><div class=\"row fila-SNC\"><ul><li class=\"celda-SNC col-lg-12 celda_PPE_1\">Formaci\u00f3n en disciplinas como Pensamiento Computacional y\/o Computaci\u00f3n y Rob\u00f3tica.<\/li><li>Nos hemos inscritos en los 2 programas: Pensamiento computacional aplicado al aula y Rob\u00f3tica aplicada al aula.<\/li><li>Conseguir que los participantes de dichos programas usen las herramientas aprendidas en algunas sesiones con sus grupos correspondientes.<\/li><li>Se realizar\u00e1n videos y fotograf\u00edas de estas pr\u00e1cticas con los alumnos y se colgar\u00e1n en nuestra web.<\/li><\/ul><\/div>\t\t\t\t\t\t<\/div>\n\t\t\t\t<\/div>\n\t\t\t\t\t<\/div>\n\t\t<\/div>\n\t\t\t\t\t\t\t<\/div>\n\t\t<\/section>\n\t\t\t\t\t\t\t<\/div>\n\t\t","protected":false},"excerpt":{"rendered":"<p>PLAN DE ACTUACI\u00d3N DIGITAL (PAD) \u00a0 LINEA DE ACTUACI\u00d3N DEL \u00c1MBITO ORGANIZACI\u00d3N DEL CENTRO Elaboraci\u00f3n de una gu\u00eda sobre uso responsable de equipos y dispositivos. Se realizar\u00e1 en formato digital, bien pdf, genially, exeLearning, &#8230; El coordinador TDE y CompDigEdu, junto con el equipo directivo, y ETCP realizaremos una gu\u00eda sobre el buen uso y &hellip;<\/p>\n<p class=\"read-more\"> <a class=\"\" href=\"https:\/\/www.iesclaracampoamor.org\/clara\/elementor-3366\/\"> <span class=\"screen-reader-text\">PLAN DE ACTUACI\u00d3N DIGITAL (PAD)<\/span> Leer m\u00e1s &raquo;<\/a><\/p>\n","protected":false},"author":1,"featured_media":0,"parent":0,"menu_order":0,"comment_status":"closed","ping_status":"closed","template":"","meta":{"site-sidebar-layout":"no-sidebar","site-content-layout":"page-builder","ast-site-content-layout":"","site-content-style":"default","site-sidebar-style":"default","ast-global-header-display":"","ast-banner-title-visibility":"","ast-main-header-display":"","ast-hfb-above-header-display":"","ast-hfb-below-header-display":"","ast-hfb-mobile-header-display":"","site-post-title":"disabled","ast-breadcrumbs-content":"","ast-featured-img":"disabled","footer-sml-layout":"","theme-transparent-header-meta":"","adv-header-id-meta":"","stick-header-meta":"","header-above-stick-meta":"","header-main-stick-meta":"","header-below-stick-meta":"","astra-migrate-meta-layouts":"","ast-page-background-enabled":"default","ast-page-background-meta":{"desktop":{"background-color":"","background-image":"","background-repeat":"repeat","background-position":"center center","background-size":"auto","background-attachment":"scroll","background-type":"","background-media":"","overlay-type":"","overlay-color":"","overlay-gradient":""},"tablet":{"background-color":"","background-image":"","background-repeat":"repeat","background-position":"center center","background-size":"auto","background-attachment":"scroll","background-type":"","background-media":"","overlay-type":"","overlay-color":"","overlay-gradient":""},"mobile":{"background-color":"","background-image":"","background-repeat":"repeat","background-position":"center center","background-size":"auto","background-attachment":"scroll","background-type":"","background-media":"","overlay-type":"","overlay-color":"","overlay-gradient":""}},"ast-content-background-meta":{"desktop":{"background-color":"var(--ast-global-color-5)","background-image":"","background-repeat":"repeat","background-position":"center center","background-size":"auto","background-attachment":"scroll","background-type":"","background-media":"","overlay-type":"","overlay-color":"","overlay-gradient":""},"tablet":{"background-color":"var(--ast-global-color-5)","background-image":"","background-repeat":"repeat","background-position":"center center","background-size":"auto","background-attachment":"scroll","background-type":"","background-media":"","overlay-type":"","overlay-color":"","overlay-gradient":""},"mobile":{"background-color":"var(--ast-global-color-5)","background-image":"","background-repeat":"repeat","background-position":"center center","background-size":"auto","background-attachment":"scroll","background-type":"","background-media":"","overlay-type":"","overlay-color":"","overlay-gradient":""}},"footnotes":""},"class_list":["post-3366","page","type-page","status-publish","hentry"],"_links":{"self":[{"href":"https:\/\/www.iesclaracampoamor.org\/clara\/wp-json\/wp\/v2\/pages\/3366","targetHints":{"allow":["GET"]}}],"collection":[{"href":"https:\/\/www.iesclaracampoamor.org\/clara\/wp-json\/wp\/v2\/pages"}],"about":[{"href":"https:\/\/www.iesclaracampoamor.org\/clara\/wp-json\/wp\/v2\/types\/page"}],"author":[{"embeddable":true,"href":"https:\/\/www.iesclaracampoamor.org\/clara\/wp-json\/wp\/v2\/users\/1"}],"replies":[{"embeddable":true,"href":"https:\/\/www.iesclaracampoamor.org\/clara\/wp-json\/wp\/v2\/comments?post=3366"}],"version-history":[{"count":7,"href":"https:\/\/www.iesclaracampoamor.org\/clara\/wp-json\/wp\/v2\/pages\/3366\/revisions"}],"predecessor-version":[{"id":3373,"href":"https:\/\/www.iesclaracampoamor.org\/clara\/wp-json\/wp\/v2\/pages\/3366\/revisions\/3373"}],"wp:attachment":[{"href":"https:\/\/www.iesclaracampoamor.org\/clara\/wp-json\/wp\/v2\/media?parent=3366"}],"curies":[{"name":"wp","href":"https:\/\/api.w.org\/{rel}","templated":true}]}}

PLAN DE ACTUACIÓN DIGITAL (PAD)

<div data-elementor-type="wp-page" data-elementor-id="3366" class="elementor elementor-3366">
									<section class="elementor-section elementor-top-section elementor-element elementor-element-0c6fcc4 elementor-section-boxed elementor-section-height-default elementor-section-height-default" data-id="0c6fcc4" data-element_type="section">
						<div class="elementor-container elementor-column-gap-default">
					<div class="elementor-column elementor-col-100 elementor-top-column elementor-element elementor-element-c266cc9" data-id="c266cc9" data-element_type="column">
			<div class="elementor-widget-wrap elementor-element-populated">
								<div class="elementor-element elementor-element-fe71336 elementor-widget elementor-widget-heading" data-id="fe71336" data-element_type="widget" data-widget_type="heading.default">
				<div class="elementor-widget-container">
			<h3 class="elementor-heading-title elementor-size-default">PLAN DE ACTUACIÓN DIGITAL (PAD)</h3>		</div>
				</div>
				<div class="elementor-element elementor-element-8ced687 elementor-widget elementor-widget-text-editor" data-id="8ced687" data-element_type="widget" data-widget_type="text-editor.default">
				<div class="elementor-widget-container">
							<p> </p><p><b>LINEA DE ACTUACIÓN DEL ÁMBITO ORGANIZACIÓN DEL CENTRO</b></p><ul><li>Elaboración de una guía sobre uso responsable de equipos y dispositivos.</li><li>Se realizará en formato digital, bien pdf, genially, exeLearning, &#8230;</li><li>El coordinador TDE y CompDigEdu, junto con el equipo directivo, y ETCP realizaremos una guía sobre el buen uso y buenas conductas de las TIC.</li><li>Cuando se termine se colgará en la web del centro y RRSS. Además se comunicará por Pasen la existencia de esta guía.</li></ul><p><b>LINEA DE ACTUACIÓN DEL ÁMBITO INFORMACIÓN Y COMUNICACIÓN</b></p><ul><li>Digitalización de todos los documentos del centro de interés para las familias y/o usuarios (formularios, permisos, etc.) y permitir su acceso mediante enlaces en la página web del centro respetando la protección de datos.</li><li>El coordinador TDE y DigCompEdu, junto con el equipo directivo, se encargarán de digitalizar estos documentos, en PDF descargable y autorrellenable.</li><li>El equipo directivo comunicará mediante Pasen a todas las familias la implementación de estos documentos, y la posibilidad de descárga los desde nuestra web.</li></ul><div class="row fila-SNC"><div class="celda-SNC col-lg-12 celda_PPE_0"><div class="form-group"><b>LINEA DE ACTUACIÓN DEL ÁMBITO PROCESO DE ENSEÑANZA/APRENDIZAJE</b></div></div></div><div class="row fila-SNC"><ul><li class="celda-SNC col-lg-12 celda_PPE_1">Formación en disciplinas como Pensamiento Computacional y/o Computación y Robótica.</li><li>Nos hemos inscritos en los 2 programas: Pensamiento computacional aplicado al aula y Robótica aplicada al aula.</li><li>Conseguir que los participantes de dichos programas usen las herramientas aprendidas en algunas sesiones con sus grupos correspondientes.</li><li>Se realizarán videos y fotografías de estas prácticas con los alumnos y se colgarán en nuestra web.</li></ul></div>						</div>
				</div>
					</div>
		</div>
							</div>
		</section>
							</div>

<p>PLAN DE ACTUACIÓN DIGITAL (PAD)   LINEA DE ACTUACIÓN DEL ÁMBITO ORGANIZACIÓN DEL CENTRO Elaboración de una guía sobre uso responsable de equipos y dispositivos. Se realizará en formato digital, bien pdf, genially, exeLearning, &#8230; El coordinador TDE y CompDigEdu, junto con el equipo directivo, y ETCP realizaremos una guía sobre el buen uso y &hellip;</p>
<p class="read-more"> <a class="" href="https://www.iesclaracampoamor.org/clara/elementor-3366/"> <span class="screen-reader-text">PLAN DE ACTUACIÓN DIGITAL (PAD)</span> Leer más &raquo;</a></p>
